at are the prime factors of 286784?
2, 4481
List the prime factors of 217554.
2, 3, 101, 359
List the prime factors of 2963576.
2, 7, 11, 17, 283
List the prime factors of 40390130.
2, 5, 11, 17, 21599
List the prime factors of 226160.
2, 5, 11, 257
What are the prime factors of 282796?
2, 19, 61
What are the prime factors of 74207?
7, 10601
What are the prime factors of 2542449?
3, 7, 13, 67, 139
What are the prime factors of 1341123?
3, 7, 63863
What are the prime factors of 7285236?
2, 3, 7, 86729
List the prime factors of 1114566.
2, 3, 431
List the prime factors of 11021761.
23, 347, 1381
List the prime factors of 1488699.
3, 18379
What are the prime factors of 27224030?
2, 5, 1297, 2099
List the prime factors of 1376967.
3, 277, 1657
What are the prime factors of 1665495?
3, 5, 13, 73
List the prime factors of 4163325.
3, 5, 55511
List the prime factors of 4766770.
2, 5, 179, 2663
What are the prime factors of 27864626?
2, 37, 10177
What are the prime factors of 476793?
3, 17659
What are the prime factors of 4021027?
17, 19, 59, 211
List the prime factors of 196815.
3, 5, 13121
List the prime factors of 2723701.
2723701
What are the prime factors of 688499?
7, 14051
List the prime factors of 194096.
2, 7, 1733
List the prime factors of 25626.
2, 3, 4271
List the prime factors of 132220.
2, 5, 11, 601
What are the prime factors of 812041?
19, 79, 541
List the prime factors of 1467742.
2, 733871
What are the prime factors of 716702?
2, 7, 51193
What are the prime factors of 24167?
11, 13
What are the prime factors of 6944880?
2, 3, 5, 19, 1523
What are the prime factors of 341740?
2, 5, 7, 2441
What are the prime factors of 1728062?
2, 7, 123433
List the prime factors of 282492.
2, 3, 7, 19, 59
List the prime factors of 35778.
2, 3, 67, 89
List the prime factors of 33904543.
37, 916339
What are the prime factors of 1144126?
2, 572063
List the prime factors of 385724.
2, 96431
What are the prime factors of 907419?
3, 23, 13151
List the prime factors of 224577.
3, 24953
What are the prime factors of 12488488?
2, 479, 3259
List the prime factors of 1020160.
2, 5, 797
What are the prime factors of 23286323?
61, 229, 1667
List the prime factors of 281171.
11, 25561
What are the prime factors of 2528417?
631, 4007
What are the prime factors of 269596?
2, 67399
List the prime factors of 354233.
11, 32203
What are the prime factors of 2408535?
3, 5, 19, 313
List the prime factors of 3639313.
23, 158231
List the prime factors of 5389033.
13, 257, 1613
List the prime factors of 656765.
5, 23, 5711
What are the prime factors of 699563?
59, 71, 167
List the prime factors of 515681.
515681
List the prime factors of 551128.
2, 68891
List the prime factors of 208018.
2, 104009
List the prime factors of 406553.
7, 8297
List the prime factors of 815262.
2, 3, 7, 47, 59
What are the prime factors of 699695?
5, 139939
List the prime factors of 3474404.
2, 269, 3229
What are the prime factors of 2506964?
2, 626741
List the prime factors of 1846997.
53, 34849
What are the prime factors of 392860?
2, 5, 13, 1511
What are the prime factors of 134446?
2, 13, 5171
List the prime factors of 168365.
5, 151, 223
List the prime factors of 11617310.
2, 5, 43, 27017
List the prime factors of 31336672.
2, 23, 42577
List the prime factors of 1085712.
2, 3, 22619
List the prime factors of 2236754.
2, 13, 86029
What are the prime factors of 5543053?
5543053
What are the prime factors of 14075107?
173, 81359
What are the prime factors of 11552868?
2, 3, 181, 197
What are the prime factors of 1721727?
3, 7, 27329
What are the prime factors of 8809377?
3, 2936459
List the prime factors of 19858602.
2, 3, 307, 10781
What are the prime factors of 397699?
31, 12829
List the prime factors of 7061497.
2069, 3413
What are the prime factors of 655424?
2, 7, 11, 19
List the prime factors of 364640.
2, 5, 43, 53
List the prime factors of 222137.
222137
What are the prime factors of 234485?
5, 23, 2039
What are the prime factors of 9574548?
2, 3, 83, 9613
What are the prime factors of 455888?
2, 28493
List the prime factors of 641572.
2, 107, 1499
List the prime factors of 644927.
467, 1381
List the prime factors of 445633.
445633
List the prime factors of 732485.
5, 13, 59, 191
What are the prime factors of 2627580?
2, 3, 5, 43793
What are the prime factors of 906479?
7, 129497
List the prime factors of 86249.
86249
List the prime factors of 480930.
2, 3, 5, 17, 23, 41
What are the prime factors of 1200856?
2, 150107
List the prime factors of 19782467.
19782467
List the prime factors of 931358.
2, 465679
List the prime factors of 967936.
2, 19, 199
What are the prime factors of 202581?
3, 41, 61
List the prime factors of 1216102.
2, 23, 26437
List the prime factors of 219042.
2, 3, 43, 283
What are the prime factors of 80259?
3, 31, 863
List the prime factors of 34016.
2, 1063
List the prime factors of 8636053.
181, 47713
List the prime factors of 16836247.
821, 20507
What are the prime factors of 7855045?
5, 11, 251, 569
What are the prime factors of 301118?
2, 150559
List the prime factors of 81291.
3, 7, 79
List the prime factors of 3295637.
17, 193861
What are the prime factors of 912719?
73, 12503
What are the prime factors of 2009708?
2, 569, 883
What are the prime factors of 1022523?
3, 19, 17939
List the prime factors of 2690213.
353, 7621
What are the prime factors of 752807?
11, 68437
List the prime factors of 407597.
43, 9479
What are the prime factors of 209601?
3, 7, 1109
What are the prime factors of 349153?
7, 31, 1609
What are the prime factors of 211069?
83, 2543
What are the prime factors of 7718135?
5, 349, 4423
List the prime factors of 9617778.
2, 3, 59369
What are the prime factors of 15396949?
61, 252409
What are the prime factors of 835267?
79, 97, 109
What are the prime factors of 16893559?
229, 73771
List the prime factors of 6315878.
2, 31, 101869
List the prime factors of 8345256.
2, 3, 19, 18301
What are the prime factors of 2364901?
7, 11, 30713
List the prime factors of 130812.
2, 3, 11, 991
List the prime factors of 201971.
7, 11, 43, 61
What are the prime factors of 9777039?
3, 19, 43, 3989
What are the prime factors of 716917?
716917
List the prime factors of 311275.
5, 12451
What are the prime factors of 2280208?
2, 7, 20359
What are the prime factors of 2276905?
5, 455381
List the prime factors of 493714.
2, 13, 17, 1117
What are the prime factors of 12505892?
2, 7, 367, 1217
What are the prime factors of 11966199?
3, 7, 569819
What are the prime factors of 20204482?
2, 1697, 5953
What are the prime factors of 3184988?
2, 796247
List the prime factors of 1100348.
2, 275087
List the prime factors of 279852.
2, 3, 23321
What are the prime factors of 1664582?
2, 832291
List the prime factors of 333747.
3, 47, 263
What are the prime factors of 1534878?
2, 3, 71, 1201
List the prime factors of 2721704.
2, 521, 653
List the prime factors of 3398627.
3398627
What are the prime factors of 24674433?
3, 7, 1174973
What are the prime factors of 357581?
7, 23, 2221
List the prime factors of 513991.
513991
List the prime factors of 171160.
2, 5, 11, 389
What are the prime factors of 351271?
17, 20663
What are the prime factors of 4095138?
2, 3, 71, 9613
List the prime factors of 2280988.
2, 19, 30013
List the prime factors of 357168.
2, 3, 7, 1063
List the prime factors of 66470.
2, 5, 17, 23
What are the prime factors of 1842588?
2, 3, 11, 47
What are the prime factors of 263620?
2, 5, 7, 269
What are the prime factors of 7669512?
2, 3, 35507
What are the prime factors of 602923?
443, 1361
List the prime factors of 199525.
5, 23, 347
What are the prime factors of 24765036?
2, 3, 1307, 1579
List the prime factors of 24466466.
2, 12233233
List the prime factors of 406720.
2, 5, 31, 41
List the prime factors of 242507.
197, 1231
List the prime factors of 719584.
2, 113, 199
List the prime factors of 134318.
2, 239, 281
List the prime factors of 468988.
2, 13, 29, 311
List the prime factors of 32173727.
337, 95471
List the prime factors of 51275.
5, 7, 293
What are the prime factors of 756326?
2, 378163
What are the prime factors of 465221?
23, 113, 179
List the prime factors of 1524804.
2, 3, 283, 449
List the prime factors of 114029.
101, 1129
List the prime 